3*a - 3*o = -18, 3*a - k*o - 5 = 13. Calculate the highest common divisor of a and 12.
6
Suppose 2*v + 24 = 186. Let x be (-206)/(-22) - (-2552)/(-7018). Calculate the highest common factor of v and x.
9
Let n = -46 + 49. Let k be 5 - -2 - (-2)/((-3)/n). Suppose -218 = -k*h - x, -5*h - 3*x + x = -216. What is the highest common factor of h and 11?
11
Suppose 89*n - 85*n + 3*t = 144, 180 = 5*n - t. What is the greatest common factor of 4500 and n?
36
Let l = -19999 - -20013. Suppose 4*f - 6*c = -4*c + 1066, 4*f - c = 1065. What is the greatest common factor of f and l?
14
Suppose -33*q + 20*q = -39. Suppose -2*r = -5*m + 199, -4*m + 5*r = q*r - 160. Calculate the greatest common factor of 9 and m.
3
Let g(t) = -1047*t - 3. Let j be 2 + -2 - (10 + -7). Let q be g(j). Let v be q/15 + 5/(-25). What is the highest common factor of 19 and v?
19
Let j(q) = -101*q - 104. Let c be j(-5). Let a = 412 - c. Calculate the highest common divisor of a and 66.
11
Suppose 25*f = 22*f, -2*h - 2*f + 100 = 0. What is the highest common factor of h and 2?
2
Let u be (1/(-7) - (-45)/21) + 1. Suppose 0*j = u*j - 9. Suppose -3*g + 30 = -l + 2, -3*l + 24 = j*g. What is the greatest common factor of 36 and g?
9
Suppose 135*w = -149*w + 33*w + 1106408. What is the greatest common factor of 145 and w?
29
Let a(i) = -i**2 + 16*i + 11. Suppose 0 = -4*r + r + 48. Let c be a(r). Suppose 2*s - 85 - 223 = 0. Calculate the highest common divisor of c and s.
11
Let k(h) = h**3 - 8*h**2 + 8*h + 15. Let j be k(7). Let g = -24 + 18. Let o = 8 + g. What is the greatest common factor of j and o?
2
Let w be (24/(-9))/((-5)/(-8625)*-10). Calculate the highest common divisor of w and 1360.
20
Suppose -c + 5*q + 34 = 0, -c = 2*c - q - 60. Suppose 1998 + 3230 - 668 = 48*k. Calculate the highest common divisor of c and k.
19
Suppose 0 = -3*l - 831 + 4824. Calculate the highest common factor of l and 11.
11
Let m be 51198980/812 + 14/203. Calculate the greatest common divisor of m and 17.
17
Let n = -10168 - -10216. What is the highest common divisor of 372 and n?
12
Let s = -21385 - -22148. What is the highest common divisor of 14 and s?
7
Suppose 2*l + 99 = -12*k + 13*k, 2*k = 2. Let t = l + 41. Let y = t + 14. Calculate the greatest common divisor of y and 96.
6
Let t(p) = -111*p + 179. Let h be t(1). What is the highest common divisor of 3740 and h?
68
Suppose 0 = 3*k - 5*a - 1 + 6, -4*a = -4. Suppose 7*p - 22*p + 4275 = k. Calculate the highest common divisor of p and 15.
15
Suppose 4 = -1430*t + 1435*t - 4*q, 4*t = q + 23. Suppose m = 3*m - 592. What is the highest common divisor of m and t?
8
Let n = 35 + -32. Suppose 85 = 2*i + n*i. Let d(v) = -11*v - 4. Let s be d(-5). What is the highest common divisor of i and s?
17
Let k = -17759 - -25126. Calculate the greatest common factor of k and 834.
139
Let h be ((-208)/832)/(((-5)/24)/5). What is the highest common factor of 243 and h?
3
Let z be 8*(430/(-50) + 6/10). Let f = 7 - -81. Let u = z + f. Calculate the highest common factor of 8 and u.
8
Suppose 559712 = -140*m + 768567 + 1774945. What is the highest common factor of m and 325?
65
Suppose 0 = a - 5*d - 13 - 10, -3*d - 9 = a. Let g be (-260)/3*a/(-2). Calculate the highest common factor of g and 50.
10
Let n be 8/(-3)*18/(-8). Let p = -8397 - -8439. What is the greatest common factor of p and n?
6
Suppose 26*i - 23*i + j - 34 = 0, 0 = -5*i + j + 62. Suppose 2*k - 2460 = -3*k. What is the greatest common divisor of i and k?
12
Let r(q) = -3*q**2 - 41*q - 21. Let k be ((-214)/(-535))/(2/(-60)). Let p be r(k). What is the highest common factor of 416 and p?
13
Let t be (-3)/(24/302) + (-56)/224. Let v be t - -32 - (0 - 9). Calculate the highest common divisor of 147 and v.
3
Suppose 69*l - 4224 = 21*l. What is the greatest common divisor of l and 48?
8
Suppose -3*m - 57 = -36. Let t be (-91)/m + (-3)/(-3). Let z be -2*(0 + 1) + (t - 7). What is the highest common divisor of 10 and z?
5
Let o(q) = 2*q + 135. Let t be o(-17). Calculate the greatest common divisor of 59287 and t.
101
Let m be (-3)/(27/(-6)) + 11330/15. Calculate the greatest common factor of m and 105.
21
Let r be -10 - (-7)/(-14)*-10. Let i be 134/2*(r - (-13 + 7)). Calculate the greatest common divisor of i and 67.
67
Let r be (12/(-10))/(112/(-3640)). Calculate the greatest common divisor of 624 and r.
39
Let m = -6705 + 15329. Calculate the highest common divisor of m and 168.
56
Let a(f) = f**3 + 9*f**2 - 7*f + 43. Suppose 5*j - d + 50 = 0, 0 = d + 3*d. Let k be a(j). What is the highest common factor of 104 and k?
13
Let t(b) = 2*b**2 + 78*b + 64. Let d be t(-40). What is the highest common factor of 99 and d?
9
Let x(z) = -18*z + 71. Let y(m) = 2. Let h(o) = x(o) + 6*y(o). Let w be h(-7). Calculate the greatest common divisor of 19 and w.
19
Let o be 1846008/720 - 3/(-30). What is the highest common factor of o and 4?
4
Suppose -17*a = -26*a + 1341. Let z = 179 - a. Calculate the highest common factor of z and 20.
10
Let x = 24 + -14. Let z be ((-22)/8)/(3/12). Let l be (1 - 61)/(22/z). Calculate the greatest common divisor of l and x.
10
Let k(q) = -5*q + 6. Let b(u) = 9*u - 12. Let p(c) = 2*b(c) + 5*k(c). Let n be p(0). Let h be 5/((-25)/24)*-20. Calculate the highest common divisor of h and n.
6
Let o be ((-16)/(-6))/((-12)/90*-5). Suppose 143 = o*c + 3*r, -1 = -r - 0. Let g = -2 + c. Calculate the greatest common divisor of 11 and g.
11
Let x = 10280 + -9864. What is the highest common factor of x and 988?
52
Let j(f) = f**3 - 7*f**2 - 6*f - 2. Let a be j(8). Suppose 56*r - 5124 = -310*r. What is the highest common divisor of r and a?
14
Suppose 8*a - 1327 = 289. Suppose a = 3*c + 67. Calculate the greatest common factor of 27 and c.
9
Let u(q) be the first derivative of 21*q**2/2 - 160*q - 49. Let l be u(8). Calculate the highest common factor of 52 and l.
4
Suppose 2*c + 5*d = -7, -5*d - 13 = -c - 2*d. Let v be (c/10)/((-7)/(-245)). Suppose 23 - 2 = x. What is the greatest common factor of v and x?
7
Suppose 80 = -3*c + 20. Let b = 36 - 98. Let z = c - b. What is the highest common divisor of 63 and z?
21
Let f(w) = -100*w + 1058. Let g be f(-10). Calculate the highest common divisor of g and 588.
294
Suppose 91*h - 96*h + 3*m = -112, -7*h + 5*m + 160 = 0. Suppose -4*c + 144 = -96. What is the greatest common divisor of c and h?
20
Let v = -2118 - -2171. What is the greatest common factor of 43619 and v?
53
Let c be 1/(2/1 - 14) - 27700876/(-3792). What is the greatest common factor of c and 15?
15
Suppose 0 = -118*l + 126*l - 464. Suppose -98 + l = -5*b. Calculate the greatest common factor of b and 152.
8
Let p be (40/(-15))/((-1)/3) + -5. Let x be (-112 - -118)/(2/p). What is the greatest common divisor of x and 1179?
9
Let b be (4/(-6))/((-1)/759). Suppose 0 = 81*r - 67*r + 154. Let v be (r/11)/(1/(-46)). Calculate the greatest common divisor of v and b.
46
Let y(u) = 3*u**3 + 54*u**2 - u - 8. Let t be y(-18). What is the highest common divisor of t and 20?
10
Let r = -185 - -188. Let y(z) = 34*z - 37. Let p be y(r). What is the greatest common factor of p and 26?
13
Let w(g) = g - 28. Let t be w(27). Let v be -5 + -3 + (-12)/t. Calculate the greatest common divisor of 168 and v.
4
Suppose 48*b + 2057 = 59*b. Let l be -2*(-5)/(-10)*(-33 + 0). What is the greatest common divisor of l and b?
11
Suppose 5*t + 18 = -2, 0 = -5*s - 4*t - 986. Let p = s - -280. What is the greatest common divisor of p and 301?
43
Let r(h) = -11*h**3 - 4*h**2 + 3. Let l be r(1). Let q be (-425)/(-9) + 6/(-27). Let g = q + l. Calculate the highest common factor of g and 35.
35
Let m(x) = -10*x**3 + 7*x**2 - 28*x - 151. Let k be m(-4). Calculate the greatest common factor of k and 434.
31
Let q be -7 - -15 - (-775 - -3). Calculate the highest common divisor of 45 and q.
15
Suppose 329*k = 333*k - 328. Let u = -248 + 453. What is the highest common divisor of u and k?
41
Let h = 5094 + -4446. Calculate the greatest common factor of h and 378.
54
Let y(q) = 39*q**3 - 4*q**2 + 52*q - 289. Let p be y(5). Calculate the greatest common divisor of p and 84.
42
Suppose -l = -4*w + 17444, -5*w - 5*l + 6*l = -21804. What is the greatest common divisor of w and 40?
40
Let o(z) = -56 + 56 - 9*z - z**2. Let c be o(-4). What is the gre